of 84 and w?
21
Let i(q) = -2*q**3 + 28*q**2 + 41*q - 141. Let o be i(15). What is the greatest common divisor of 296 and o?
8
Let o be -6*(-31)/(-2) + 0. Let d = o + 192. Calculate the highest common divisor of 9 and d.
9
Let d(h) = -6*h - 9. Let m be d(-6). Suppose -5*s - 63 = -83. Suppose 11 = -0*c + c - 2*b, 3*c = s*b + 31. Calculate the highest common divisor of c and m.
9
Let r = -128 - -54. Let p be r/(-12) + (-1)/6. Let v be 2/(2 - 1) + 0. Calculate the highest common divisor of p and v.
2
Let o = 20 + -11. Let i be 27/15 - 36/(-30). Calculate the highest common factor of o and i.
3
Suppose v + 4*v - 15 = 0, -4*v = 3*s - 18. Suppose s*f - 15 = -3*f. Suppose -29 + 119 = f*q. Calculate the highest common divisor of q and 120.
30
Suppose -3*i - 2439 = -3*m, -4*i - 12 = -m + 792. Calculate the greatest common factor of m and 48.
48
Let z = -779 - -808. Calculate the greatest common divisor of 928 and z.
29
Suppose 24*y + m = 29*y - 120, -2*m = -4*y + 96. Let c = 3 + 9. Calculate the greatest common divisor of c and y.
12
Suppose -11 = -4*g - 3. Suppose 2*t = -4*j - 22, -2 = -j + g*t - 0. Let r(a) = 3*a**2 + 2. Let y be r(j). What is the highest common divisor of 10 and y?
10
Suppose 6 = 4*w - w. Suppose w*z - 46 = 2*b, 80 = 6*z - z + 2*b. Calculate the greatest common factor of 27 and z.
9
Suppose 4*j = -5*r - 115, 2*j + 0*j + 10 = 0. Let f be ((-31)/(-2))/(1/(-2)). Let t = r - f. What is the greatest common divisor of t and 132?
12
Let u(d) = d - 3. Let f be u(9). Calculate the highest common divisor of f and 6.
6
Let w(j) = j**3 + 2*j**2 + 2*j + 3. Let y be w(-1). Suppose -y*g - 5*p = -p - 60, 5*p + 5 = 0. What is the highest common factor of g and 48?
16
Suppose 2*c + 144 = 6*c + 2*u, 4*u = -4*c + 144. What is the greatest common divisor of 360 and c?
36
Suppose -159*g - 413 = -166*g. Calculate the greatest common factor of g and 1121.
59
Let n be ((-22)/(-6) + -3)/(3/1656). Suppose 6*v - 10*v + n = 0. What is the highest common factor of 23 and v?
23
Let o(l) = l**2 + 149*l**3 + 52*l**3 - 155 + 153. Let d be o(1). Calculate the highest common divisor of d and 40.
40
Let i be (-8)/1 - (1/(-1) - 1). Let w be i*(0 + (3 - 5))/2. Calculate the greatest common factor of w and 12.
6
Let h = -16940 - -16953. Let g(a) = a - 2*a + 88 + 16. Let v be g(0). Calculate the highest common divisor of v and h.
13
Let f = 4 + 0. Let v be 13/4 + 13/(-52). Suppose -5*p - 31 = -v*w + 25, 5*w + 4*p = 44. What is the highest common divisor of f and w?
4
Let u be (76/(-3))/((-8)/18). What is the highest common divisor of 57 and u?
57
Suppose -2*n - 42 = -4. Let j = 23 + n. Let i be (j + -1)/1 - 0. Calculate the highest common factor of 24 and i.
3
Let u = 718 + -690. What is the greatest common factor of 21 and u?
7
Let x be (-21 - -24)*2/3 - -21. Suppose 2*s = 167 + 63. Calculate the greatest common divisor of s and x.
23
Let h be ((-42)/(-48))/7 + (-647)/(-8). Calculate the highest common factor of h and 9.
9
Suppose -2*u + 285 = u. Let t be 1/5 - (-9291)/u. What is the highest common factor of 14 and t?
14
Suppose 29*c - 1825 = 10239. What is the highest common divisor of c and 52?
52
Suppose 10*t - 134 = -2*d + 7*t, -3*d + 4*t = -184. Calculate the highest common divisor of 48 and d.
16
Suppose 0 = -4*p - 4*c + 144, c = 3*p + 2*c - 102. Suppose 3*o - 150 = -p. What is the highest common divisor of 13 and o?
13
Suppose 0 = 6*j - 3*j - 24. Suppose -3*q + 132 = 5*h, -4*h = 4*q - 78 - 34. Calculate the highest common factor of j and h.
8
Let q(w) = -w**3 - 2*w**2 + 6*w - 5. Let n(i) = 2*i + 3. Let y be n(-4). Let b be q(y). What is the highest common factor of 10 and b?
10
Let w = 19 + -11. Let c(a) = 22*a - 11. Let d be c(w). Suppose -3*i + 81 = 5*q, 3*q + q - 54 = 3*i. What is the highest common factor of q and d?
15
Let s be (11 + -12)*(-1 + -5). Let v be (-1452)/(-14) - s/(-21). Suppose 32 = -2*t + v. What is the greatest common factor of 12 and t?
12
Suppose -3*f - 196 = 35. Let a = f - -132. What is the greatest common divisor of 33 and a?
11
Let v be (-1)/((-6)/12)*2. Let s be (-6)/4 - (-1)/(-2). Let k be s/(-8) - 94/(-8). Calculate the greatest common factor of k and v.
4
Suppose 3*v = 15, 0*o - 2*v = -3*o + 89. Let q = o - 11. Let z = q + 48. Calculate the greatest common divisor of 14 and z.
14
Let y(g) = 2*g**2 - 9*g + 6. Let i be y(6). Let p = -494 + 285. Let w be (-2)/11 + (-15086)/p. Calculate the greatest common divisor of i and w.
24
Let o be (-4 - -3) + 1 + 2. Suppose o*f + 2*q - 8 = -2, -f - 3*q = -3. Suppose -24 = -4*c + f*c. Calculate the highest common factor of c and 264.
24
Suppose 0 = 3*f - 8*f + 10. Suppose 3*z + 2*a + f = -0*z, -2*z + 24 = -5*a. Let d be z/7 - (-351)/21. What is the greatest common divisor of d and 119?
17
Let f be ((-840)/175)/((-1)/5). Calculate the greatest common divisor of f and 588.
12
Let l(t) = 10*t**2 - 17*t - 6. Let g be l(3). Calculate the greatest common factor of g and 3.
3
Let o(t) = t**3 - 4*t**2 - 4*t - 8. Let n be o(6). Let a = -140 + 22. Let i be a/(-12) - 5/(-30). What is the highest common divisor of i and n?
10
Let u(z) = -6*z + 60. Let y be u(5). What is the greatest common divisor of 570 and y?
30
Let u = 141 + -123. What is the highest common factor of u and 18?
18
Let t = -7 + 13. Suppose -4*c - r + 29 = 0, -c + 0*c - 3*r = -21. What is the highest common factor of c and t?
6
Let l be (-1)/(1323/666 + -2). What is the highest common divisor of l and 2?
2
Suppose 5*n + 9 - 69 = 0. Let s(v) = v**3 - 12*v**2 + 4*v + 6. Let t be s(n). Suppose 0*y + t = 2*y. Calculate the greatest common factor of y and 3.
3
Let k be (-4)/12*3 - -44. Let l be 25/5*(2 - 1). Let u = l + k. Calculate the highest common divisor of u and 16.
16
Let y = 13 + -26. Suppose 20 = 5*i, -2*i = 4*v + 12 - 104. Let x = y + v. Calculate the greatest common factor of x and 24.
8
Let x = -32 + 31. Let n be 0/(-2) - (x - 21). What is the highest common factor of 22 and n?
22
Suppose 5*h + 2*i - 118 + 24 = 0, -2*h + 5*i + 26 = 0. Let c(l) = -26*l. Let r be c(-1). Let b = r - 20. Calculate the highest common factor of h and b.
6
Let l = -116 + 119. Suppose l*o + 7*o - 120 = 0. Let y be 32 + -1 - 1 - 0. Calculate the greatest common factor of o and y.
6
Suppose -13*q - 16*q + 696 = 0. What is the greatest common divisor of q and 12?
12
Suppose -18*b + 825 = -7*b. Let g = b - 72. Calculate the highest common factor of g and 51.
3
Let d = 4 + -132. Let g be (-1*d/(-2))/(34 - 35). Let u = 21 - 13. What is the greatest common divisor of u and g?
8
Let j = -75 - -81. Suppose j = -g - g - 5*u, -3*g = -2*u - 10. What is the greatest common factor of 16 and g?
2
Suppose 447 = i - 3*l, -i + 84 + 363 = -4*l. Suppose 0 = 3*d - 126 - i. Let s = -96 + d. What is the greatest common factor of s and 19?
19
Let k(m) = -6 - 2 + m + 0. Let n be k(8). Suppose -4*h = -d + 28, -d - h = -n*h - 13. Calculate the greatest common factor of d and 144.
16
Let l = 74 + -44. Suppose r + 66 = 12*r. What is the greatest common divisor of r and l?
6
Let o be (-1)/((-4)/(-10))*8. Let w = 40 + o. Let i = w + -18. What is the greatest common factor of 4 and i?
2
Let o = -7 + 31. Calculate the highest common factor of o and 312.
24
Let c = -820 - -1510. Calculate the highest common factor of 30 and c.
30
Suppose 3*v = j + 24, -4*v + j = v - 38. What is the highest common factor of 28 and v?
7
Suppose -4 = -2*z - 2. Let r be ((-3)/(-6))/(z/10). Let b(g) = -4*g - 1. Let j be b(-4). What is the highest common factor of r and j?
5
Let b = 89 - 47. Let a(n) = -2*n**3 - 5*n**2 + 11*n + 2. Let w be a(-4). Calculate the highest common factor of w and b.
6
Suppose -4*a + 3 = -t, 2*t - 47 = -t - 2*a. Let s(g) = -5*g - 4 + 3 + 9*g - 2. Let y be s(4). Calculate the greatest common factor of y and t.
13
Suppose 90*m - 101*m = -264. What is the greatest common factor of m and 27?
3
Let z(a) = -a**3 + 27*a**2 - 21*a - 116. Let n be z(26). Suppose -2*k - 3*k = -140. Calculate the highest common factor of n and k.
14
Suppose 207 - 823 = -28*n. Let l be 2/(-5) + 112/5. Calculate the greatest common factor of n and l.
22
Suppose 9*v - 15 = 4*v. Suppose -x = v*t - 163, -x + 231 - 64 = 2*t. Let f be (-23 + 24)*(26 + -1). What is the highest common divisor of x and f?
25
Let w(z) = -z**3